 is the greatest common factor of 44 and s?
11
Let n = 18 - 5. Let z(b) = b**3 + 3*b - 1. Suppose x = 2*h + 8, 2*h - 11 = -x + 5*h. Let p be z(x). Calculate the highest common factor of p and n.
13
Suppose -900 = -119*n + 647. Calculate the greatest common factor of 143 and n.
13
Suppose -31*c = -59*c + 1092. Let z(f) = -f**2 - 5*f. Let o be z(-6). Let j(n) = n**2 - 7*n. Let h be j(o). Calculate the highest common divisor of c and h.
39
Let a = -23 + 59. Let s = 311 - 307. Let h be (-12 + 10)*(-18)/s. What is the greatest common divisor of a and h?
9
Suppose f + 5*x = -23, -2 = 4*f + 5*x - 3*x. Suppose 2*b - 23 - 52 = -5*i, -f*i + 30 = 2*b. What is the highest common factor of 35 and i?
5
Let c be (-294)/15*(60 + -285). Calculate the greatest common divisor of c and 105.
105
Let u be (3 - 4/12)*-27. Let f = -67 - u. Suppose 232 = f*g + 22. Calculate the highest common divisor of 12 and g.
6
Suppose 2*y = 4*a + 386, 3*y + 2*a + 0*a = 571. Let x = y - 163. Let q be (16/(-6))/((-9)/27). Calculate the highest common divisor of q and x.
4
Let w be (-2)/(-12) + (-3737)/(-222). Suppose 0 = -14*o + 221 + w. What is the greatest common factor of o and 272?
17
Let i(t) = t + 3. Let r(j) = -12*j - 216. Let p(d) = 16*i(d) + r(d). Let x be p(47). Suppose m - 30 = -0*m. What is the highest common factor of m and x?
10
Let z be (-328)/(-20) - 8/20. Let j be 40*9/(18/z). Calculate the highest common divisor of j and 5.
5
Let y(h) = 22*h - 22 + 4*h**2 - 5*h**2 - 11 - 4*h. Let g be y(15). Let a = -3 - -11. Calculate the highest common divisor of g and a.
4
Let w(m) = 19*m. Let n be w(20). Let p = n - -403. Calculate the highest common factor of p and 29.
29
Suppose c - l - 1 = 0, -4*c = -2*l + 124 - 128. Calculate the highest common divisor of c and 41.
1
Let o = 1 + 107. Suppose o*n - 24 = 105*n. Let x = -19 - -43. Calculate the highest common factor of x and n.
8
Let a(v) = -190*v - 1714. Let f be a(-15). What is the highest common divisor of 710 and f?
142
Suppose -3*v = -12*v + 3726. What is the greatest common divisor of 161 and v?
23
Suppose 69 = 4*x - 159. Suppose b - 36 = -w, w - 858 = 5*b - 1050. What is the highest common divisor of x and b?
19
Let d = 7984 + -7960. Let n = -65 + 97. What is the greatest common factor of n and d?
8
Suppose -81*r = -5*r - 6840. Suppose -4*i - 276 = -2*p, -4*p - i + 126 = -3*p. Let h be (r/75)/(4/p). What is the highest common factor of h and 13?
13
Let f(q) = 1940*q - 7679. Let d be f(4). Calculate the greatest common divisor of d and 33939.
81
Let g = 66 + -323. Let w = 367 + g. Let j(k) = 5*k**2 - 2*k - 2. Let f be j(-2). Calculate the greatest common factor of w and f.
22
Let c(b) = 14*b + 1. Let r be c(-2). Let v = 31 + r. Suppose 0 = 2*t - q - q - 52, v*q = 4. What is the highest common factor of 9 and t?
9
Suppose 2*y - 7 - 188 = 5*j, 4*y + 2*j - 354 = 0. Suppose 0 = s - 5*s + 144. Calculate the greatest common factor of y and s.
18
Suppose 111*k + 298*k = -328*k + 184250. What is the greatest common factor of k and 6075?
25
Suppose -2634577 = -261*l + 3646127. Calculate the highest common factor of l and 188.
188
Let l = 372 - 99. Suppose 2*s = -a + 694, l - 1311 = -3*s - 3*a. Calculate the greatest common factor of 12 and s.
12
Let j be (282/(-15))/(2/30). Let v = 114 - j. What is the highest common divisor of v and 44?
44
Let h be (-142)/(-1) + (-5 - 18/(-3)). Let n(o) = o**3 + 8*o**2 - 2*o - 3. Let t = -17 + 9. Let d be n(t). Calculate the highest common factor of h and d.
13
Suppose -5*m + 247 + 93 = 0. Let t = -58 + m. Let d be 105/6*12/t. What is the greatest common factor of d and 84?
21
Suppose 4*y + 5*j + 7663 = 44952, 65310 = 7*y + j. What is the highest common factor of y and 217?
217
Suppose q = -6*x + 16, -4*q - 48 = -6*q + 4*x. Let s(d) = d**3 - 21*d**2 - 15*d + 55. Let z be s(22). What is the highest common divisor of z and q?
11
Let r = -29 + 53. Let j = 206 - r. Calculate the greatest common factor of 14 and j.
14
Let r(l) = l + 17. Let s = -137 + 87. Let m = s - -43. Let b be r(m). What is the highest common factor of b and 30?
10
Suppose 3*b + 11*v - 179 = 7*v, 5*b + 3*v = 280. Let l = 169 - b. What is the greatest common factor of l and 29?
29
Suppose 7*k - 249 = 8*k - 711. What is the highest common factor of 187 and k?
11
Suppose -42*n - 501 = -2811. What is the highest common divisor of 5555 and n?
55
Let n(x) = -x**3 - 5*x**2 + 2*x + 24. Let c be n(-4). Suppose c = 3*j - 538 - 362. What is the highest common factor of j and 25?
25
Suppose 3*l = -16*l + 7847. Suppose -218 = -2*a - 2*w, 141 = 5*a - 4*w - l. What is the highest common divisor of a and 88?
22
Let x = 10423 - 10378. What is the greatest common divisor of x and 1665?
45
Suppose 154*x + 49*x + 130*x = 3644352. What is the highest common divisor of x and 513?
171
Let z(v) = 2 - v + 9*v + 4 + v**2 - 9*v. Let b be z(3). Calculate the greatest common factor of b and 3.
3
Let r be (-17 + (-1717)/(-102))/((-2)/3324). What is the highest common divisor of 1 and r?
1
Suppose 49*o - 38*o - 99 = 0. Suppose -4*r = o*r - 117. Calculate the greatest common divisor of 171 and r.
9
Let q(k) = -30*k**3 - 7*k**2 - 43*k - 5. Let l be q(-4). Calculate the greatest common factor of l and 25.
25
Let p(a) be the second derivative of a**4/3 + 10*a**3 - 16*a**2 + 207*a. Let h be p(-20). What is the highest common divisor of h and 32?
16
Let t(v) = v**2 - 2*v + 10. Suppose -q = -41 + 36. Let r be t(q). Suppose 9*k - r = 389. Calculate the highest common divisor of k and 46.
46
Suppose a + 2*r = 2326, -1487 = -2*a + 5*r + 3156. Calculate the greatest common divisor of 84 and a.
28
Suppose 4*w = -t + 874, w + 1440 + 263 = 2*t. Let i = t - 503. Calculate the greatest common factor of i and 26.
13
Suppose z + 0*z = -3*v + 133, -5*z = -5*v - 625. Suppose -z*i - 272 = -135*i. What is the highest common divisor of 17 and i?
17
Let g = -3 + 10. Let n(a) = -16*a + 153. Let w(i) = 15*i - 151. Let o(r) = 7*n(r) + 6*w(r). Let p be o(4). Calculate the greatest common factor of g and p.
7
Let c(d) = 5*d**3 - 11*d**2 - 75. Let i be c(10). Suppose -4*x + i = 1097. Calculate the highest common divisor of x and 22.
22
Let r = -926 + 1858. Suppose -7*n = -r - 1777. Calculate the highest common factor of 43 and n.
43
Let d(y) = -y**3 + 42*y**2 - 20*y - 60. Let n be d(-8). Calculate the highest common divisor of 48 and n.
12
Suppose 97 = 25*s - 350 - 3. What is the highest common factor of s and 1719?
9
Let i = 6678 - 6666. What is the greatest common factor of 774 and i?
6
Suppose 0 = -4*d - 5670 + 6070. Calculate the highest common factor of 175 and d.
25
Let q be 6/(-9) - (-32)/(-36)*-3. Let g = 3 + 11. Let d be (2 + 3 + 2)*36/g. Calculate the highest common factor of q and d.
2
Suppose -z - 3 = 0, 4*r - 5*z + 141 - 1104 = 0. What is the greatest common divisor of 15 and r?
3
Let z = -42 - -79. Suppose 5*g - 138 = -2*m, 3*g + 59 = m - 21. Calculate the highest common factor of m and z.
37
Let c = -4 - -9. Let l be ((-868)/6)/(5 - (-119)/(-21)). Suppose c*o = l + 68. Calculate the highest common divisor of 38 and o.
19
Let h(z) = -1 + 10 - 3*z - 1 - 5*z. Let w be h(6). Let v = w + 85. What is the highest common factor of 9 and v?
9
Let z = -10884 + 11436. Let q = -24 + 48. What is the highest common factor of q and z?
24
Suppose 169 = 5*v + 3*z - 149, 4*v - 247 = 5*z. Let w be ((-1)/2 + 3)*-4. Let u = 19 + w. Calculate the greatest common divisor of u and v.
9
Let f(n) = -4*n + 16. Let c be f(4). Suppose c = -p - 3*u + 106, -2*p - 98 + 292 = -3*u. What is the highest common divisor of 150 and p?
50
Let z be (30/18 - -1)/((-2)/(-6)). Suppose -5*p = 3*y - 5*y + 52, 0 = -3*y - 4*p + 32. Calculate the highest common factor of y and z.
8
Let f = -2038 - -2061. What is the greatest common factor of 437 and f?
23
Let l(z) = -z + 20. Let w be l(17). Suppose 4*d - 5*j - 199 = 0, -w*j - 209 = -4*d - 0*d. What is the greatest common divisor of d and 168?
56
Let f = -191 - -199. Suppose -o + f + 5 = 0. What is the highest common factor of 39 and o?
13
Let n(x) = -x**2 + 10*x + 7. Let z be n(11). Let p(u) = -2*u + 4*u**2 + 2*u + 4 - u + 6*u + 7*u. Let o be p(z). What is the highest common factor of 60 and o?
20
Let b = 589 - 588. What is the highest common divisor of 587 and b?
1